nd j.
9
Suppose -q = 2, 5*q - 34 = -4*z + 128. Calculate the greatest common factor of 172 and z.
43
Let a be ((-48)/28)/((-3)/42). What is the greatest common divisor of a and 96?
24
Let k = -35 - -59. What is the greatest common factor of 60 and k?
12
Suppose -8*q + 1584 = -4*q. What is the greatest common factor of 44 and q?
44
Let b(n) = n**2. Let r be b(1). What is the greatest common factor of 8 and r?
1
Suppose -8*u + 58 + 350 = 0. Calculate the greatest common divisor of 34 and u.
17
Suppose -6*g + 3*g + 21 = 0. Suppose 5*y + 207 = -703. Let n = -112 - y. Calculate the highest common factor of n and g.
7
Let n = 19 - 4. Let d be (-1)/(14/n - 1). Calculate the greatest common divisor of 15 and d.
15
Let s(a) = -21*a - 5. Let d be s(-6). Let r(x) = -10*x**2 + 2*x - 1. Let c be r(1). Let f = 20 + c. What is the highest common factor of f and d?
11
Suppose -5*w + r - 5*r + 6 = 0, -5*w = 3*r - 7. Let q(l) = 9*l - 121. Let m be q(15). What is the greatest common factor of m and w?
2
Suppose 0 = 3*u - 8*u + 935. Let m = 2 - 0. Suppose -3*k + 14 = -k + 5*i, k - 9 = -m*i. Calculate the greatest common divisor of u and k.
17
Let m be 27 + -1 - (2 - 3). Let d = -19 + 28. What is the highest common divisor of d and m?
9
Let q = 110 + -98. Calculate the highest common factor of 4 and q.
4
Suppose 2*p - 7 = -3. Calculate the highest common divisor of 18 and p.
2
Let a(o) = o**2 + 7*o + 6. Let s be a(-6). Suppose -c = -5*f - 70, s = 2*c + f + 15 - 122. Calculate the highest common divisor of 11 and c.
11
Let m be 3 + (-52)/20 - 84/(-15). Calculate the greatest common divisor of m and 8.
2
Let p(h) = -h**2 - 8*h - 6. Let t be p(-7). Let w = 8 + t. Let o be (2 + (-12)/w)*9. What is the highest common factor of o and 12?
6
Suppose -5*y + 6 = -24. Let z(q) = q**3 - 3*q**2 - 2*q + 9. Let w be z(y). Calculate the highest common factor of w and 15.
15
Suppose 5*k = 5*c + 380, -3*k + 7*k = 3*c + 308. What is the highest common factor of 16 and k?
16
Let q be (5/(-10))/((-1)/168). What is the highest common factor of 12 and q?
12
Suppose -2*y - 5*i + 20 = 3*y, -y - 5*i + 20 = 0. Suppose -t - 2*g + 4 = y, 8*g = 5*t + 3*g - 80. Calculate the highest common factor of t and 36.
12
Let r be 7/((-196)/120)*-21. Calculate the greatest common factor of 18 and r.
18
Suppose 0*m + 55 = m - 2*i, 5*i = -4*m + 181. What is the highest common factor of m and 7?
7
Let k = 37 + 47. What is the highest common factor of 56 and k?
28
Suppose 0 = -7*x + 11*x. Let c(i) = i**3 + 4*i**2 + 4*i + 3. Let j be c(-3). Suppose x = -j*r - r + 30. Calculate the greatest common divisor of 6 and r.
6
Let h(v) = 1 + 3*v + 1 + 0*v - 2*v. Let k be h(0). Calculate the greatest common factor of 18 and k.
2
Suppose 0 = -2*h - 5*o - 170, 2*o = -4*h + 61 - 369. Let k = -25 - h. Calculate the greatest common factor of 20 and k.
10
Suppose 2*p = 330 - 70. Let n be 3/(-6)*1*-10. Suppose n = -u, 4*a - 67 = 5*u - 2*u. What is the highest common divisor of p and a?
13
Let g be 7112/91 + (-2)/13. What is the highest common divisor of 26 and g?
26
Let d(z) = z**2 - z + 38. Let y be d(0). Suppose -4*o = -58 - y. Suppose -3*r = -29 - 19. What is the highest common factor of o and r?
8
Suppose -61*q - 60 = -63*q. What is the greatest common divisor of q and 330?
30
Suppose 2*r + 53 = -p + 4*p, 2*p - 34 = 2*r. What is the highest common factor of 76 and p?
19
Let f(d) = d**3 - d**2 - d + 12. Let z be f(0). Calculate the highest common divisor of 60 and z.
12
Suppose -3*h + 2*o + 210 = 7*o, 3*h = -2*o + 210. Let x be (4/(-8))/(1/(-20)). What is the greatest common divisor of h and x?
10
Suppose 6*h = 5*h + 7. What is the greatest common divisor of h and 56?
7
Let k = 1 - 1. Suppose 4*w - 3*w + m - 27 = k, -9 = -3*m. What is the greatest common factor of w and 36?
12
Suppose 0 = 6*d - 19 - 29. What is the greatest common factor of 20 and d?
4
Let o be (3*-1 - -2)*-19. Suppose s + 3*s - 11 = -5*j, j = 2*s - 9. Suppose -s*p - g = -80, -3*p + g = p - 72. Calculate the highest common factor of o and p.
19
Suppose 5*j + 50 = 4*p, -2*p + p = 5*j + 75. Let h be (24/j)/((-5)/35). What is the greatest common factor of 24 and h?
12
Let f = -69 - -105. Let s be 2/(-3) + (-1360)/(-15). Calculate the greatest common divisor of s and f.
18
Let t = -20 + 13. Suppose v + 0*u + 2*u + 41 = 0, -5*v - 229 = -2*u. Let y = t - v. What is the greatest common divisor of y and 95?
19
Let m = -10 + 18. What is the greatest common divisor of 88 and m?
8
Let q be ((-18)/(-8))/((-6)/(-128)). Suppose -q = 2*b - 144. What is the highest common divisor of b and 32?
16
Suppose -9*v + 197 = 26. Calculate the highest common factor of 19 and v.
19
Let v = -5 - 1. Let z(i) = -i - 3. Let w be z(v). Let g be -2*w/6 + 8. What is the greatest common divisor of 7 and g?
7
Let j = 26 + -11. What is the greatest common factor of 15 and j?
15
Suppose -311 = -2*w - 47. Calculate the highest common divisor of w and 22.
22
Let d be (4 - (-1 - -1))*-18. Let f be 60/(-8)*d/10. What is the highest common divisor of 6 and f?
6
Suppose b + 2 = 2*j, 0 = 5*j - 4*b + 3 - 5. Suppose -j*q = 2*q - 8. Suppose -q*f = -4 - 20. What is the greatest common factor of 18 and f?
6
Suppose 2*o - 21 = -2*c - o, 0 = 3*c + 4*o - 33. Suppose -2*a = -c - 11. Calculate the highest common factor of 13 and a.
13
Suppose 2*r + 79 = 2*x + r, 0 = -x - 4*r + 44. Let q = 3 + 1. Calculate the highest common factor of q and x.
4
Suppose 0 = -2*o - 7 + 19. Suppose -3*y - 31 = -c - 10, 2*y - o = -c. What is the highest common divisor of 36 and c?
12
Let n be -2*(291/(-6) - 1). Suppose t = -3*s, 0 = -4*t + t + 4*s + 39. Calculate the greatest common divisor of t and n.
9
Let r = 32 + -17. Suppose a - r = -2*a. Suppose 2*h - 110 = -0*h. What is the greatest common divisor of a and h?
5
Suppose 1 = -2*b - 1. Let t = b - 28. Let y = -17 - t. What is the greatest common factor of y and 96?
12
Suppose -5 = 5*i + 5*p, 2*p + 8 = -3*i + 4*p. Let y(s) = s + 1. Let j be y(5). Let b be i/3 - (-28)/j. Calculate the greatest common factor of b and 10.
2
Let o(s) = s**3 + 9*s**2 + 9*s - 4. Let z be o(-8). Let p be (-532)/z + (-2)/(-3). What is the greatest common divisor of p and 15?
15
Let c = -202 + 301. What is the greatest common divisor of c and 9?
9
Suppose 2*d - 4*d = -8. Suppose -2*w - 7 + 3 = 0, -2*k + 244 = d*w. Suppose -3*g + 6 = 0, -u - 2*g + 6 = -16. What is the greatest common divisor of u and k?
18
Suppose -3*b = b + 4. Let v be 12 - (0 + b - -3). Suppose i = 4*i - 30. What is the greatest common divisor of v and i?
10
Let n be (-2)/((-8)/28) - 1. Calculate the highest common factor of n and 3.
3
Let r(d) = -2*d**3 - 2*d**2 + 1. Let j be r(-2). Suppose -6*f = 2*i - 5*f - 194, -190 = -2*i - 2*f. What is the highest common divisor of i and j?
9
Let g = 485 - 245. Suppose 5*o - o - g = 0. Let t be 30/(-5) - -16 - -2*1. Calculate the highest common factor of o and t.
12
Let k(o) = -o**2 - 4*o. Let w be k(-4). Let c be (-1 - (-2 - w)) + 14. What is the greatest common divisor of c and 135?
15
Suppose -19 - 23 = -f. What is the greatest common factor of f and 63?
21
Let z = -29 - -40. Calculate the highest common factor of 88 and z.
11
Let t = 453 + -156. Suppose 7*b = t - 52. Calculate the greatest common factor of b and 5.
5
Let p = 6 + -2. Suppose -136 = -0*m + p*m. Let u = 74 + m. Calculate the greatest common divisor of u and 16.
8
Let r = -21 + 38. What is the greatest common factor of r and 85?
17
Let b be (1*-1 - (8 + -5))*-9. What is the highest common divisor of 54 and b?
18
Suppose -b = -4 + 1. Suppose 0 = 4*r - 0*r - t - 51, -b*r + 3*t + 27 = 0. Calculate the greatest common factor of r and 35.
7
Let o be 1874/(-7) - (-6)/(-21). Let u = -183 - o. What is the greatest common factor of 17 and u?
17
Suppose 0 = 4*r + 3*d - 3, 4*r - 45 + 18 = 5*d. Suppose 4 = 2*c - 0. Suppose 0 = -x - 3*x, 0 = -c*i + 2*x + 24. What is the highest common divisor of i and r?
3
Let r(x) = x**2 - 5*x + 1. Let u be r(6). Suppose -2*d = -3*k - 1, 2*d - k = u*d - 11. What is the greatest common factor of 8 and d?
2
Let i(h) = -4 - 4 - 6*h - 4. Let y be i(-8). Let c(w) = w**2 - w + 4. Let f be c(5). Calculate the greatest common divisor of y and f.
12
Let j(f) = f**2 + 7*f + 4. Let k be j(-9). What is the greatest